(-485)/(-6). Suppose -6*m = -k - 819. What is the highest common factor of 25 and m?
25
Suppose -5*h + 4*k = -1330, -6*k - 245 = -h - k. Calculate the greatest common factor of h and 6.
6
Let u(r) = -6*r - 6. Let o be u(-5). Suppose 0 = 6*k - 305 + 89. What is the highest common factor of o and k?
12
Let k be 8/(-28) + (-2)/(-7). Suppose u + k*u - 33 = 0. Calculate the highest common divisor of 33 and u.
33
Let f be (66/77)/((-2)/(-14)). Let m = -16 - -32. Let u = m - f. What is the highest common factor of 40 and u?
10
Let n be (-38)/(-5) + 0 - 312/(-780). Calculate the greatest common divisor of 16 and n.
8
Let w(o) = -o**2 + o + 91. Let q be w(0). Calculate the greatest common divisor of q and 13.
13
Let z be (-2)/(-3)*9/2. Let p be z + 2*(-38)/(-4). Calculate the greatest common divisor of 2 and p.
2
Let k(t) = -27*t + 444. Let z be k(15). What is the highest common factor of 325 and z?
13
Let k be (610/30)/((-2)/(-6)). Suppose 3*h - 6 = 0, 0*i = -i - 3*h + 494. What is the greatest common factor of k and i?
61
Suppose 374 - 352 = 11*n. Calculate the greatest common divisor of 86 and n.
2
Suppose 0 = -34*c + 35*c - 15. Let y = 149 + -114. What is the highest common factor of c and y?
5
Suppose -y - 4 + 75 = 3*m, 0 = 4*m - 2*y - 98. Suppose -7*n + 206 - 49 = -235. Calculate the greatest common factor of m and n.
8
Suppose 3*t - 2240 = -2*t. Suppose -i - 4*i - t = -4*n, 0 = 3*n - 3*i - 339. Suppose 7 + 58 = 5*c. Calculate the highest common factor of n and c.
13
Let v be 14/21 + 1320/45. Let b = 11 - 8. What is the highest common factor of v and b?
3
Let a(t) = t**2 - 15*t + 78. Let o be a(9). What is the highest common divisor of 28 and o?
4
Let r = -152 + 182. What is the highest common factor of r and 105?
15
Let x = 15 - 4. Suppose x*h - 30 = 8*h. What is the greatest common factor of 80 and h?
10
Let w = -80 - -92. Let x(l) = -6 + 0 - 4*l - 4. Let i be x(-7). Calculate the highest common factor of i and w.
6
Suppose g = 5 - 2. Suppose -g*p - 3*f + f = -128, -2*p = -2*f - 72. Calculate the greatest common factor of 100 and p.
20
Suppose -3 = -2*a - a. Calculate the highest common divisor of 17 and a.
1
Let d(a) = -a - 11. Let c be d(-7). Let b = 50 - c. Let l = 42 + -24. Calculate the greatest common factor of b and l.
18
Let l = 16 + -14. Suppose 77 = -l*k + 29. Let i = -11 - k. What is the greatest common factor of 65 and i?
13
Let u = -170 + 344. Calculate the greatest common divisor of u and 116.
58
Let r = 17 - 54. Let f = r + 37. Suppose 7*s = -f*s + 147. What is the greatest common divisor of s and 7?
7
Let j = -1007 - -1124. Calculate the highest common divisor of j and 286.
13
Let c be (306/(-85))/((-3)/10). Let j be ((-90)/c)/((-1)/6). Calculate the highest common factor of j and 9.
9
Suppose -7*z = -6*z - 3, 3*v + z = 516. Calculate the highest common factor of 57 and v.
57
Let o be ((-3)/((-24)/28))/(1/24). What is the highest common factor of o and 60?
12
Suppose -4*l - 13*s + 268 = -9*s, 2*s = -4*l + 260. What is the greatest common factor of 144 and l?
9
Suppose -5*l + 18 - 5 = f, f + 2 = 0. Suppose -5*q = l*v - 476, 0*v + 776 = 5*v + 4*q. Suppose s - 76 = -3*s. Calculate the greatest common factor of s and v.
19
Let u = 521 - 231. Calculate the greatest common factor of u and 10.
10
Let m(w) = 9*w**2 - 5 - 3*w + 2*w**2 + 3*w**2 - 5*w**2. Let x be m(2). What is the greatest common factor of 75 and x?
25
Let f(n) = 3*n**2 + 5*n + 4. Let o be f(-2). Suppose -8*s + 81 = -159. What is the highest common factor of s and o?
6
Let i = 15 - 11. Suppose 2*w - 14 = -i. Suppose 3*b - n - 4 = 0, 3*b + 5*n - 4*n = 8. Calculate the greatest common divisor of w and b.
1
Suppose -15*z - 4*z = -57. What is the highest common factor of 75 and z?
3
Suppose 5*j + 43 = 4*c - 37, 3*j = -2*c + 18. Calculate the highest common divisor of c and 105.
15
Let u = 180 - 153. Calculate the highest common factor of 369 and u.
9
Suppose s - 45 = -3*o, -o - o - 8 = 0. Suppose -17*w + s = -14*w. Calculate the highest common factor of w and 38.
19
Suppose 0 = -12*v - 13*v + 1550. What is the greatest common factor of 93 and v?
31
Let f be ((-15)/2)/(9/(-336)). Suppose 0*x + 4*x = f. Let y(a) = -a**3 + 13*a**2 - 22*a + 28. Let w be y(11). What is the greatest common divisor of w and x?
14
Let p(b) = b**3 - 13*b**2 + 9*b - 5. Let l be p(13). Let o = 120 + -82. Let h = o - 22. What is the highest common factor of l and h?
16
Let y(v) = 29*v - 5. Let o be y(6). What is the highest common divisor of 143 and o?
13
Let c be (-13 + 16 + 10/(-8))*56. What is the greatest common divisor of 224 and c?
14
Let s be 4 + (-17)/(34/(-264)). What is the highest common divisor of s and 476?
68
Let j(t) = -t**3 - t**2 - 34*t + 288. Let c be j(0). What is the highest common divisor of c and 416?
32
Let m(w) be the third derivative of -w**4/24 - w**3 + 13*w**2. Suppose 0 = -2*g - 3*g - 40. Let n be m(g). Calculate the highest common factor of 16 and n.
2
Suppose -2*r = -4*p - 6, -4*r + 2*p = -2 - 10. Let h = 5 - r. Suppose 32 - 10 = h*c. What is the highest common divisor of c and 11?
11
Suppose 5*n - 396 = -81. Let q = 8 + 1. Calculate the highest common divisor of q and n.
9
Let v(j) = 3*j**2 - 34*j - 48. Let g(i) = 2*i**2 - 23*i - 32. Let h(z) = 7*g(z) - 5*v(z). Let s be h(9). Calculate the highest common divisor of s and 48.
16
Suppose 6*t - 3 - 15 = 0. Suppose 4 - 55 = -t*l. Suppose 0 = 2*d + 2*a - 7*a - 43, 3*d - 92 = 2*a. What is the greatest common factor of d and l?
17
Let f(n) = -n**3 + 43*n - 12. Let u be f(6). Calculate the greatest common factor of u and 72.
6
Suppose -5*o = -2*o - 27. Let u(l) = -2*l**3 + 36*l**2 + 3. Let z be u(18). What is the highest common divisor of z and o?
3
Let v = 39 + -33. Suppose 5*l = v*l - 5. Let c = 157 + -102. Calculate the highest common divisor of c and l.
5
Let n = -262 - -332. Calculate the highest common divisor of n and 28.
14
Let c = 24 + -24. Suppose -4*l + l + r + 81 = c, 4*l = 4*r + 116. What is the highest common factor of l and 26?
26
Suppose -103 = b - 4. Let p = b - -102. What is the greatest common divisor of p and 33?
3
Suppose 20 = -10*n + 12*n. Let v be (-47)/(-9) + 12/(-54). What is the highest common divisor of v and n?
5
Let z(s) = -s**2 + 9*s + 3. Let y be z(8). Let a(n) = -2*n**2 + 31*n + 18. Let i be a(15). What is the greatest common factor of y and i?
11
Suppose -w + 20 = -8. Calculate the highest common factor of w and 32.
4
Suppose 2966 = 19*t - 1309. Calculate the greatest common divisor of 90 and t.
45
Let f(t) = 2*t**2 + 5*t + 4. Let g be f(-2). Let x be 1 + 14 + g/(-1*2). Calculate the highest common factor of 7 and x.
7
Let b be (-1 - 30)*1/(-1). Let g = b - 17. Let m(v) = v**3 + 13*v**2 + 3*v + 46. Let i be m(-13). What is the greatest common divisor of g and i?
7
Let j(o) = -o - 188 + 106 + 121. Let m be j(-6). What is the greatest common divisor of m and 9?
9
Suppose -33 = -17*r + 35. What is the highest common factor of 5 and r?
1
Suppose 0 = 12*u - 7*u + 810. Let o = -107 - u. Calculate the greatest common factor of 5 and o.
5
Let c be (-6)/(-57) - 53019/(-817). Calculate the greatest common divisor of c and 1105.
65
Let d(u) = 6*u + 9. Let j(q) = -q**2 + q + 1. Let s(i) = d(i) - j(i). Let l be s(-6). Suppose -21 = -5*z + l. What is the greatest common divisor of z and 7?
7
Let v(s) be the second derivative of -s**3/6 - 4*s**2 + 5*s. Let o be v(-10). Let n be o + (-4)/(-1) + 3. What is the greatest common divisor of 9 and n?
9
Let h(m) = -4*m - 6. Let c be h(-2). Suppose -3 = c*i - 163. Calculate the highest common divisor of 16 and i.
16
Let y = 328 + -120. Let g be 14 + 2/6*-3. What is the greatest common factor of y and g?
13
Let g be (1044/60 + -7)/((-4)/(-30)). What is the highest common divisor of g and 13?
13
Let k = 0 - -1. Let s be ((-14)/(-168))/(2/24). Calculate the greatest common divisor of s and k.
1
Let u be 6/8*4 + 2. Let r be (-1755)/25 + 1/u. Let v = 140 + r. What is the greatest common divisor of v and 7?
7
Let r be (-6)/39 + 28/13. Suppose 3*p = -6 - 12. Let d(x) = x**3 + 5*x**2 - 7*x + 4. Let y be d(p). What is the greatest common factor of y and r?
2
Let p be 14/63 + 15054/54. What is the highest common factor of 9 and p?
9
Let y be 344/9 + 12/(-54). Let g = 642 + -623